{"id":7,"date":"2024-08-29T23:20:15","date_gmt":"2024-08-29T23:20:15","guid":{"rendered":"https:\/\/maquinetaton.officialrighperformance.com\/online\/?page_id=7"},"modified":"2024-10-22T22:57:59","modified_gmt":"2024-10-22T22:57:59","slug":"elementor-7","status":"publish","type":"page","link":"https:\/\/maquinetaton.officialrighperformance.com\/online\/","title":{"rendered":"Elementor #7"},"content":{"rendered":"\t\t<div data-elementor-type=\"wp-post\" data-elementor-id=\"7\" class=\"elementor elementor-7\">\n\t\t\t\t<div class=\"elementor-element elementor-element-fe6408e e-flex e-con-boxed e-con e-parent\" data-id=\"fe6408e\" data-element_type=\"container\" data-settings=\"{&quot;background_background&quot;:&quot;classic&quot;}\">\n\t\t\t\t\t<div class=\"e-con-inner\">\n\t\t\t\t<div class=\"elementor-element elementor-element-2b28df2 elementor-widget elementor-widget-image\" data-id=\"2b28df2\" data-element_type=\"widget\" data-widget_type=\"image.default\">\n\t\t\t\t<div class=\"elementor-widget-container\">\n\t\t\t\t\t\t\t\t\t\t\t\t\t<img fetchpriority=\"high\" decoding=\"async\" width=\"1920\" height=\"650\" src=\"https:\/\/maquinetaton.officialrighperformance.com\/online\/wp-content\/uploads\/2024\/08\/MAQUININHAS-COM-ATE-35-OFF-CUPOM-DE-5.jpg\" class=\"attachment-full size-full wp-image-9\" alt=\"\" srcset=\"https:\/\/maquinetaton.officialrighperformance.com\/online\/wp-content\/uploads\/2024\/08\/MAQUININHAS-COM-ATE-35-OFF-CUPOM-DE-5.jpg 1920w, https:\/\/maquinetaton.officialrighperformance.com\/online\/wp-content\/uploads\/2024\/08\/MAQUININHAS-COM-ATE-35-OFF-CUPOM-DE-5-300x102.jpg 300w, https:\/\/maquinetaton.officialrighperformance.com\/online\/wp-content\/uploads\/2024\/08\/MAQUININHAS-COM-ATE-35-OFF-CUPOM-DE-5-1024x347.jpg 1024w, https:\/\/maquinetaton.officialrighperformance.com\/online\/wp-content\/uploads\/2024\/08\/MAQUININHAS-COM-ATE-35-OFF-CUPOM-DE-5-768x260.jpg 768w, https:\/\/maquinetaton.officialrighperformance.com\/online\/wp-content\/uploads\/2024\/08\/MAQUININHAS-COM-ATE-35-OFF-CUPOM-DE-5-1536x520.jpg 1536w\" sizes=\"(max-width: 1920px) 100vw, 1920px\" \/>\t\t\t\t\t\t\t\t\t\t\t\t\t<\/div>\n\t\t\t\t<\/div>\n\t\t\t\t\t<\/div>\n\t\t\t\t<\/div>\n\t\t<div class=\"elementor-element elementor-element-fe8f8c6 e-flex e-con-boxed e-con e-parent\" data-id=\"fe8f8c6\" data-element_type=\"container\" data-settings=\"{&quot;background_background&quot;:&quot;classic&quot;}\">\n\t\t\t\t\t<div class=\"e-con-inner\">\n\t\t<div class=\"elementor-element elementor-element-e4fce1e e-con-full e-flex e-con e-child\" data-id=\"e4fce1e\" data-element_type=\"container\">\n\t\t\t\t<div class=\"elementor-element elementor-element-9207839 elementor-align-left elementor-widget__width-inherit elementor-invisible elementor-widget elementor-widget-button\" data-id=\"9207839\" data-element_type=\"widget\" data-settings=\"{&quot;_animation&quot;:&quot;lightSpeedIn&quot;}\" data-widget_type=\"button.default\">\n\t\t\t\t<div class=\"elementor-widget-container\">\n\t\t\t\t\t<div class=\"elementor-button-wrapper\">\n\t\t\t<a class=\"elementor-button elementor-button-link elementor-size-sm\" href=\"https:\/\/ton.com.br\/catalogo\/?referrer=B4D7BD4B-86A7-494A-9BB0-2C91BBA3253E&#038;utm_medium=invite_share&#038;utm_source=revendedor\">\n\t\t\t\t\t\t<span class=\"elementor-button-content-wrapper\">\n\t\t\t\t\t\t\t\t\t<span class=\"elementor-button-text\">QUERO PEDIR AGORA<\/span>\n\t\t\t\t\t<\/span>\n\t\t\t\t\t<\/a>\n\t\t<\/div>\n\t\t\t\t<\/div>\n\t\t\t\t<\/div>\n\t\t\t\t<\/div>\n\t\t<div class=\"elementor-element elementor-element-b067e35 e-con-full e-flex e-con e-child\" data-id=\"b067e35\" data-element_type=\"container\">\n\t\t\t\t<div class=\"elementor-element elementor-element-c61411c elementor-widget elementor-widget-button\" data-id=\"c61411c\" data-element_type=\"widget\" data-widget_type=\"button.default\">\n\t\t\t\t<div class=\"elementor-widget-container\">\n\t\t\t\t\t<div class=\"elementor-button-wrapper\">\n\t\t\t<a class=\"elementor-button elementor-button-link elementor-size-sm\" href=\"#\">\n\t\t\t\t\t\t<span class=\"elementor-button-content-wrapper\">\n\t\t\t\t\t\t\t\t\t<span class=\"elementor-button-text\">QUERO COMPRAR PELO WHATS<\/span>\n\t\t\t\t\t<\/span>\n\t\t\t\t\t<\/a>\n\t\t<\/div>\n\t\t\t\t<\/div>\n\t\t\t\t<\/div>\n\t\t\t\t<\/div>\n\t\t\t\t\t<\/div>\n\t\t\t\t<\/div>\n\t\t<div class=\"elementor-element elementor-element-f49ddcb e-flex e-con-boxed e-con e-parent\" data-id=\"f49ddcb\" data-element_type=\"container\" data-settings=\"{&quot;background_background&quot;:&quot;classic&quot;}\">\n\t\t\t\t\t<div class=\"e-con-inner\">\n\t\t\t\t<div class=\"elementor-element elementor-element-2119d31 elementor-widget elementor-widget-heading\" data-id=\"2119d31\" data-element_type=\"widget\" data-widget_type=\"heading.default\">\n\t\t\t\t<div class=\"elementor-widget-container\">\n\t\t\t<h2 class=\"elementor-heading-title elementor-size-default\"><a href=\"https:\/\/documentos.ton.com.br\/politica-de-privacidade.pdf\">Pol\u00edtica de Privacidade<\/a><\/h2>\t\t<\/div>\n\t\t\t\t<\/div>\n\t\t\t\t<div class=\"elementor-element elementor-element-334d551 elementor-widget elementor-widget-heading\" data-id=\"334d551\" data-element_type=\"widget\" data-widget_type=\"heading.default\">\n\t\t\t\t<div class=\"elementor-widget-container\">\n\t\t\t<h2 class=\"elementor-heading-title elementor-size-default\"><a href=\"https:\/\/documentos.ton.com.br\/aviso-de-cookies.pdf\">pol\u00edticas de cookies<\/a><\/h2>\t\t<\/div>\n\t\t\t\t<\/div>\n\t\t\t\t<div class=\"elementor-element elementor-element-b39b906 elementor-widget elementor-widget-heading\" data-id=\"b39b906\" data-element_type=\"widget\" data-widget_type=\"heading.default\">\n\t\t\t\t<div class=\"elementor-widget-container\">\n\t\t\t<h2 class=\"elementor-heading-title elementor-size-default\"><a href=\"https:\/\/documentos.ton.com.br\/termos-e-condicoes.pdf?_ga=2.33641441.1971479534.1718802283-255242515.1718802283&#038;_gl=1*wjt81t*_ga*MjU1MjQyNTE1LjE3MTg4MDIyODM.*_ga_B0KF4NWL9Z*MTcxODgwMjI4Mi4xLjEuMTcxODgwMjM1NC41NS4wLjA.\">Termos e Condi\u00e7\u00f5es do uso do Ton<\/a><\/h2>\t\t<\/div>\n\t\t\t\t<\/div>\n\t\t\t\t<div class=\"elementor-element elementor-element-bbb9a6e elementor-widget elementor-widget-heading\" data-id=\"bbb9a6e\" data-element_type=\"widget\" data-widget_type=\"heading.default\">\n\t\t\t\t<div class=\"elementor-widget-container\">\n\t\t\t<h2 class=\"elementor-heading-title elementor-size-default\"><a href=\"https:\/\/assets.lojastonemais.com.br\/pages\/politica-institucional-pld-cft.pdf\">Pol\u00edtica Institucional de PLD-CFT<\/a><\/h2>\t\t<\/div>\n\t\t\t\t<\/div>\n\t\t\t\t\t<\/div>\n\t\t\t\t<\/div>\n\t\t<div class=\"elementor-element elementor-element-4c2b52d e-flex e-con-boxed e-con e-parent\" data-id=\"4c2b52d\" data-element_type=\"container\" data-settings=\"{&quot;background_background&quot;:&quot;classic&quot;}\">\n\t\t\t\t\t<div class=\"e-con-inner\">\n\t\t\t\t<div class=\"elementor-element elementor-element-1e4863c elementor-widget elementor-widget-text-editor\" data-id=\"1e4863c\" data-element_type=\"widget\" data-widget_type=\"text-editor.default\">\n\t\t\t\t<div class=\"elementor-widget-container\">\n\t\t\t\t\t\t\t<p><i>Declaramos, para todos os fins, que este canal \u00e9 de titularidade de um Parceiro Renda Extra\u00a0<span class=\"il\">Ton<\/span>, que oferece descontos para aquisi\u00e7\u00e3o dos produtos e servi\u00e7os do\u00a0<span class=\"il\">Ton<\/span>. Este ambiente n\u00e3o se confunde com os canais oficiais do\u00a0<span class=\"il\">Ton que podem ser acessados em\u00a0<strong>ton.com.br<\/strong><\/span>.<\/i><\/p><p>\u00a0Copyright 2024\u00a9 \u2013 Todos os direitos reservados<\/p>\t\t\t\t\t\t<\/div>\n\t\t\t\t<\/div>\n\t\t\t\t\t<\/div>\n\t\t\t\t<\/div>\n\t\t\t\t<\/div>\n\t\t","protected":false},"excerpt":{"rendered":"<p>QUERO PEDIR AGORA QUERO COMPRAR PELO WHATS Pol\u00edtica de Privacidade pol\u00edticas de cookies Termos e Condi\u00e7\u00f5es do uso do Ton Pol\u00edtica Institucional de PLD-CFT Declaramos, para todos os fins, que este canal \u00e9 de titularidade de um Parceiro Renda Extra\u00a0Ton, que oferece descontos para aquisi\u00e7\u00e3o dos produtos e servi\u00e7os do\u00a0Ton. Este ambiente n\u00e3o se confunde [&hellip;]<\/p>\n","protected":false},"author":1,"featured_media":0,"parent":0,"menu_order":0,"comment_status":"closed","ping_status":"closed","template":"elementor_canvas","meta":{"_joinchat":[],"footnotes":""},"class_list":["post-7","page","type-page","status-publish","hentry"],"_links":{"self":[{"href":"https:\/\/maquinetaton.officialrighperformance.com\/online\/wp-json\/wp\/v2\/pages\/7","targetHints":{"allow":["GET"]}}],"collection":[{"href":"https:\/\/maquinetaton.officialrighperformance.com\/online\/wp-json\/wp\/v2\/pages"}],"about":[{"href":"https:\/\/maquinetaton.officialrighperformance.com\/online\/wp-json\/wp\/v2\/types\/page"}],"author":[{"embeddable":true,"href":"https:\/\/maquinetaton.officialrighperformance.com\/online\/wp-json\/wp\/v2\/users\/1"}],"replies":[{"embeddable":true,"href":"https:\/\/maquinetaton.officialrighperformance.com\/online\/wp-json\/wp\/v2\/comments?post=7"}],"version-history":[{"count":31,"href":"https:\/\/maquinetaton.officialrighperformance.com\/online\/wp-json\/wp\/v2\/pages\/7\/revisions"}],"predecessor-version":[{"id":43,"href":"https:\/\/maquinetaton.officialrighperformance.com\/online\/wp-json\/wp\/v2\/pages\/7\/revisions\/43"}],"wp:attachment":[{"href":"https:\/\/maquinetaton.officialrighperformance.com\/online\/wp-json\/wp\/v2\/media?parent=7"}],"curies":[{"name":"wp","href":"https:\/\/api.w.org\/{rel}","templated":true}]}}